 is the hundreds digit of 1472?
4
What is the thousands digit of 3033?
3
What is the hundreds digit of 440?
4
What is the hundreds digit of 37200?
2
What is the units digit of 3257?
7
What is the thousands digit of 7184?
7
What is the units digit of 6834?
4
What is the hundreds digit of 3572?
5
What is the tens digit of 609?
0
What is the units digit of 30406?
6
What is the tens digit of 647?
4
What is the thousands digit of 1004?
1
What is the ten thousands digit of 11523?
1
What is the hundreds digit of 29259?
2
What is the units digit of 150860?
0
What is the hundreds digit of 1405?
4
What is the tens digit of 2317?
1
What is the thousands digit of 3271?
3
What is the tens digit of 106?
0
What is the tens digit of 19112?
1
What is the thousands digit of 115621?
5
What is the thousands digit of 1729?
1
What is the ten thousands digit of 10867?
1
What is the units digit of 4451?
1
What is the hundreds digit of 73826?
8
What is the hundreds digit of 3421?
4
What is the tens digit of 1695?
9
What is the hundreds digit of 6777?
7
What is the tens digit of 63742?
4
What is the units digit of 9814?
4
What is the tens digit of 1478?
7
What is the tens digit of 1231?
3
What is the hundreds digit of 106?
1
What is the tens digit of 93808?
0
What is the tens digit of 7149?
4
What is the ten thousands digit of 15244?
1
What is the thousands digit of 1325?
1
What is the thousands digit of 16397?
6
What is the units digit of 20322?
2
What is the thousands digit of 2845?
2
What is the thousands digit of 39689?
9
What is the ten thousands digit of 34761?
3
What is the thousands digit of 52723?
2
What is the hundreds digit of 208?
2
What is the hundreds digit of 125567?
5
What is the tens digit of 898?
9
What is the hundreds digit of 1186?
1
What is the thousands digit of 35054?
5
What is the tens digit of 15765?
6
What is the hundreds digit of 12443?
4
What is the units digit of 540?
0
What is the thousands digit of 62513?
2
What is the tens digit of 6517?
1
What is the ten thousands digit of 174599?
7
What is the units digit of 7290?
0
What is the units digit of 31128?
8
What is the tens digit of 27221?
2
What is the hundreds digit of 10964?
9
What is the tens digit of 831?
3
What is the hundreds digit of 588?
5
What is the units digit of 372?
2
What is the ten thousands digit of 21076?
2
What is the hundreds digit of 748?
7
What is the hundreds digit of 692?
6
What is the hundreds digit of 11562?
5
What is the hundreds digit of 21852?
8
What is the thousands digit of 1950?
1
What is the hundreds digit of 503?
5
What is the thousands digit of 6613?
6
What is the tens digit of 1671?
7
What is the tens digit of 3646?
4
What is the units digit of 17521?
1
What is the thousands digit of 1318?
1
What is the tens digit of 4314?
1
What is the units digit of 421?
1
What is the thousands digit of 4920?
4
What is the hundred thousands digit of 211665?
2
What is the units digit of 355?
5
What is the hundreds digit of 759?
7
What is the thousands digit of 2956?
2
What is the units digit of 1?
1
What is the units digit of 10986?
6
What is the ten thousands digit of 29748?
2
What is the tens digit of 31482?
8
What is the units digit of 1016?
6
What is the tens digit of 2326?
2
What is the units digit of 2140?
0
What is the units digit of 27464?
4
What is the units digit of 42647?
7
What is the thousands digit of 5935?
5
What is the thousands digit of 21175?
1
What is the units digit of 1906?
6
What is the hundreds digit of 707?
7
What is the units digit of 2292?
2
What is the thousands digit of 1077?
1
What is the tens digit of 157?
5
What is the units digit of 50860?
0
What is the hundreds digit of 48385?
3
What is the tens digit of 12360?
6
What is the thousands digit of 9352?
9
What is the tens digit of 1072?
7
What is the tens digit of 595?
9
What is the tens digit of 4546?
4
What is the hundreds digit of 17478?
4
What is the hundreds digit of 48215?
2
What is the units digit of 6487?
7
What is the hundreds digit of 22369?
3
What is the units digit of 86?
6
What is the thousands digit of 1773?
1
What is the units digit of 55165?
5
What is the hundreds digit of 2899?
8
What is the hundreds digit of 8202?
2
What is the tens digit of 40525?
2
What is the thousands digit of 22591?
2
What is the units digit of 892?
2
What is the units digit of 64429?
9
What is the tens digit of 9208?
0
What is the units digit of 227?
7
What is the hundreds digit of 11976?
9
What is the tens digit of 10069?
6
What is the hundreds digit of 1807?
8
What is the tens digit of 2371?
7
What is the hundreds digit of 1835?
8
What is the tens digit of 938?
3
What is the tens digit of 8777?
7
What is the hundreds digit of 48291?
2
What is the hundreds digit of 24094?
0
What is the units digit of 853?
3
What is the ten thousands digit of 24413?
2
What is the ten thousands digit of 16959?
1
What is the thousands digit of 5819?
5
What is the tens digit of 351?
5
What is the thousands digit of 69126?
9
What is the tens digit of 16488?
8
What is the hundreds digit of 42916?
9
What is the units digit of 4509?
9
What is the thousands digit of 23900?
3
What is the units digit of 85303?
3
What is the tens digit of 2450?
5
What is the thousands digit of 2296?
2
What is the ten thousands digit of 14817?
1
What is the units digit of 7198?
8
What is the tens digit of 2349?
4
What is the units digit of 3768?
8
What is the tens digit of 86838?
3
What is the ten thousands digit of 52608?
5
What is the units digit of 467?
7
What is the thousands digit of 1126?
1
What is the thousands digit of 5045?
5
What is the tens digit of 923?
2
What is the units digit of 206?
6
What is the hundreds digit of 2032?
0
What is the tens digit of 895?
9
What is the thousands digit of 16808?
6
What is the thousands digit of 147968?
7
What is the hundreds digit of 1095?
0
What is the tens digit of 125385?
8
What is the units digit of 1690?
0
What is the units digit of 435?
5
What is the hundreds digit of 6655?
6
What is the thousands digit of 45555?
5
What is the units digit of 40979?
9
What is the ten thousands digit of 19115?
1
What is the units digit of 47806?
6
What is the tens digit of 791?
9
What is the hundreds digit of 374?
3
What is the hundreds digit of 18724?
7
What is the units digit of 1905?
5
What is the units digit of 12172?
2
What is the hundreds digit of 113449?
4
What is the units digit of 50?
0
What is the units digit of 12766?
6
What is the units digit of 18446?
6
What is the tens digit of 91977?
7
What is the units digit of 398?
8
What is the tens digit of 86493?
9
What is the hundreds digit of 4369?
3
What is the hundreds digit of 1836?
8
What is the thousands digit of 22267?
2
What is the ten thousands digit of 168639?
6
What is the hundreds digit of 1942?
9
What is the hundreds digit of 9084?
0
What is the units digit of 2553?
3
What is the units digit of 13105?
5
What is the ten thousands digit of 14965?
1
What is the thousands digit of 11885?
1
What is the thousands digit of 5675?
5
What is the thousands digit of 8617?
8
What is the thousands digit of 7672?
7
What is the hundreds digit of 812?
8
What is the units digit of 6069?
9
What is the units digit of 3194?
4
What is the hundreds digit of 548?
5
What is the units digit of 44343?
3
What is the tens digit of 3927?
2
What is the hundreds digit of 5933?
9
What is the tens digit of 47212?
1
What is the thousands digit of 1641?
1
What is the ten thousands digit of 24272?
2
What is the units digit of 1677?
7
What is the units digit of 8259?
9
What is the hundreds digit of 582?
5
What is the units digit of 5422?
2
What is the units digit of 1222?
2
What is the tens digit of 20127?
2
What is the thousands digit of 64216?
4
What is the units digit of 30614?
4
What is the ten thousands digit of 10678?
1
What is the units digit of 8542?
2
What is the tens digit of 8267?
6
What is the units digit of 9616?
6
What is the thousands digit of 8353?
8
What is the units digit of 4356?
6
What is the thousands digit of 19554?
9
What is the hundreds digit of 15757?
7
What is the hundreds digit of 84553?
5
What is the units digit of 472?
2
What is the thousands digit of 78315?
8
What is the units digit of 2520?
0
What is the units digit of 395?
5
What is the units digit o